{"id":3214,"date":"2022-09-21T19:13:12","date_gmt":"2022-09-21T17:13:12","guid":{"rendered":"https:\/\/la-salle.fr\/?page_id=3214"},"modified":"2023-01-25T19:45:06","modified_gmt":"2023-01-25T18:45:06","slug":"les-arcs-nouveau","status":"publish","type":"page","link":"https:\/\/la-salle.fr\/index.php\/les-arcs-nouveau\/","title":{"rendered":"Les Arcs Nouveau"},"content":{"rendered":"\n<div class=\"wp-block-cover is-light tw-ratio-16-9\" style=\"min-height:473px;aspect-ratio:unset;\"><span aria-hidden=\"true\" class=\"wp-block-cover__background has-header-gradient-background-color has-background-dim-0 has-background-dim\"><\/span><video class=\"wp-block-cover__video-background intrinsic-ignore\" autoplay muted loop playsinline src=\"https:\/\/la-salle.fr\/wp-content\/uploads\/2022\/09\/Votre-Salle-de-cannes6.mp4\" data-object-fit=\"cover\"><\/video><div class=\"wp-block-cover__inner-container is-layout-flow wp-block-cover-is-layout-flow\">\n<p class=\"has-text-align-center has-large-font-size\"><\/p>\n<\/div><\/div>\n\n\n\n<div style=\"height:55px\" aria-hidden=\"true\" class=\"wp-block-spacer\"><\/div>\n\n\n\n<div style=\"height:55px\" aria-hidden=\"true\" class=\"wp-block-spacer\"><\/div>\n\n\n<style>#kt-layout-id_bf4d49-a2 > .kt-row-column-wrap{align-content:center;}:where(#kt-layout-id_bf4d49-a2 > .kt-row-column-wrap) > .wp-block-kadence-column{justify-content:center;}#kt-layout-id_bf4d49-a2 > .kt-row-column-wrap{column-gap:var(--global-kb-gap-md, 2rem);row-gap:var(--global-kb-gap-md, 2rem);max-width:500px;margin-left:auto;margin-right:auto;padding-top:var( --global-kb-row-default-top, 25px );padding-bottom:var( --global-kb-row-default-bottom, 25px );padding-top:120px;padding-bottom:242px;grid-template-columns:minmax(0, 1fr);}#kt-layout-id_bf4d49-a2{background-image:url('https:\/\/la-salle.fr\/wp-content\/uploads\/2022\/09\/La-Salle-Cannes4.png');background-size:cover;background-position:center center;background-attachment:scroll;background-repeat:no-repeat;}#kt-layout-id_bf4d49-a2 > .kt-row-layout-overlay{opacity:0.30;}@media all and (max-width: 1024px){#kt-layout-id_bf4d49-a2 > .kt-row-column-wrap{grid-template-columns:minmax(0, 1fr);}}@media all and (max-width: 767px){#kt-layout-id_bf4d49-a2 > .kt-row-column-wrap{grid-template-columns:minmax(0, 1fr);}}<\/style>\n<div class=\"wp-block-kadence-rowlayout alignnone animated flipInY delay-200ms slower\"><div id=\"kt-layout-id_bf4d49-a2\" class=\"kt-row-layout-inner kt-row-has-bg kt-layout-id_bf4d49-a2\"><div class=\"kt-row-column-wrap kt-has-1-columns kt-gutter-default kt-v-gutter-default kt-row-valign-middle kt-row-layout-equal kt-tab-layout-inherit kt-m-colapse-left-to-right kt-mobile-layout-row\"><style>.kadence-column_6cc789-88 > .kt-inside-inner-col{border-top-width:0px;border-right-width:0px;border-bottom-width:0px;border-left-width:0px;}.kadence-column_6cc789-88 > .kt-inside-inner-col,.kadence-column_6cc789-88 > .kt-inside-inner-col:before{border-top-left-radius:0px;border-top-right-radius:0px;border-bottom-right-radius:0px;border-bottom-left-radius:0px;}.kadence-column_6cc789-88 > .kt-inside-inner-col{column-gap:var(--global-kb-gap-sm, 1rem);}.kadence-column_6cc789-88 > .kt-inside-inner-col{flex-direction:column;}.kadence-column_6cc789-88 > .kt-inside-inner-col > .aligncenter{width:100%;}.kadence-column_6cc789-88 > .kt-inside-inner-col:before{opacity:0.3;}.kadence-column_6cc789-88{position:relative;}@media all and (max-width: 1024px){.kadence-column_6cc789-88 > .kt-inside-inner-col{flex-direction:column;justify-content:center;}}@media all and (max-width: 767px){.kadence-column_6cc789-88 > .kt-inside-inner-col{flex-direction:column;justify-content:center;}}<\/style>\n<div class=\"wp-block-kadence-column inner-column-1 kadence-column_6cc789-88\"><div class=\"kt-inside-inner-col\"><style>#kt-layout-id_26abf1-7b{margin-top:20px;}#kt-layout-id_26abf1-7b > .kt-row-column-wrap{align-content:start;}:where(#kt-layout-id_26abf1-7b > .kt-row-column-wrap) > .wp-block-kadence-column{justify-content:start;}#kt-layout-id_26abf1-7b > .kt-row-column-wrap{column-gap:var(--global-kb-gap-md, 2rem);row-gap:var(--global-kb-gap-md, 2rem);padding-top:var( --global-kb-row-default-top, 25px );padding-bottom:var( --global-kb-row-default-bottom, 25px );padding-top:50px;padding-bottom:50px;padding-left:50px;padding-right:50px;grid-template-columns:minmax(0, 1fr);}#kt-layout-id_26abf1-7b{background-color:rgba(255,255,255,0.81);}#kt-layout-id_26abf1-7b > .kt-row-layout-overlay{opacity:0.30;}@media all and (max-width: 1024px){#kt-layout-id_26abf1-7b > .kt-row-column-wrap{grid-template-columns:minmax(0, 1fr);}}@media all and (max-width: 767px){#kt-layout-id_26abf1-7b > .kt-row-column-wrap{grid-template-columns:minmax(0, 1fr);}}<\/style>\n<div class=\"wp-block-kadence-rowlayout alignnone\"><div id=\"kt-layout-id_26abf1-7b\" class=\"kt-row-layout-inner kt-row-has-bg kt-layout-id_26abf1-7b\"><div class=\"kt-row-column-wrap kt-has-1-columns kt-gutter-default kt-v-gutter-default kt-row-valign-top kt-row-layout-equal kt-tab-layout-inherit kt-m-colapse-left-to-right kt-mobile-layout-row\"><style>.kadence-column_af2ab2-c1 > .kt-inside-inner-col{border-top-width:0px;border-right-width:0px;border-bottom-width:0px;border-left-width:0px;}.kadence-column_af2ab2-c1 > .kt-inside-inner-col,.kadence-column_af2ab2-c1 > .kt-inside-inner-col:before{border-top-left-radius:0px;border-top-right-radius:0px;border-bottom-right-radius:0px;border-bottom-left-radius:0px;}.kadence-column_af2ab2-c1 > .kt-inside-inner-col{column-gap:var(--global-kb-gap-sm, 1rem);}.kadence-column_af2ab2-c1 > .kt-inside-inner-col{flex-direction:column;}.kadence-column_af2ab2-c1 > .kt-inside-inner-col > .aligncenter{width:100%;}.kadence-column_af2ab2-c1 > .kt-inside-inner-col:before{opacity:0.3;}.kadence-column_af2ab2-c1{position:relative;}@media all and (max-width: 1024px){.kadence-column_af2ab2-c1 > .kt-inside-inner-col{flex-direction:column;justify-content:center;}}@media all and (max-width: 767px){.kadence-column_af2ab2-c1 > .kt-inside-inner-col{flex-direction:column;justify-content:center;}}<\/style>\n<div class=\"wp-block-kadence-column inner-column-1 kadence-column_af2ab2-c1\"><div class=\"kt-inside-inner-col\"><style>.wp-block-kadence-advancedheading.kt-adv-heading_b52afe-01, .wp-block-kadence-advancedheading.kt-adv-heading_b52afe-01[data-kb-block=\"kb-adv-heading_b52afe-01\"]{margin-top:10px;margin-bottom:10px;text-align:center;font-size:47px;line-height:60px;font-style:normal;}.wp-block-kadence-advancedheading.kt-adv-heading_b52afe-01 mark.kt-highlight, .wp-block-kadence-advancedheading.kt-adv-heading_b52afe-01[data-kb-block=\"kb-adv-heading_b52afe-01\"] mark.kt-highlight{font-style:normal;color:#f76a0c;-webkit-box-decoration-break:clone;box-decoration-break:clone;padding-top:0px;padding-right:0px;padding-bottom:0px;padding-left:0px;}.wp-block-kadence-advancedheading.kt-adv-heading_b52afe-01 img.kb-inline-image, .wp-block-kadence-advancedheading.kt-adv-heading_b52afe-01[data-kb-block=\"kb-adv-heading_b52afe-01\"] img.kb-inline-image{width:150px;vertical-align:baseline;}<\/style>\n<h2 class=\"kt-adv-heading_b52afe-01 wp-block-kadence-advancedheading has-black-color has-text-color\" data-kb-block=\"kb-adv-heading_b52afe-01\">La Salle Les Arcs<\/h2>\n\n\n\n<ul class=\"wp-block-list\">\n<li><strong>Musculation libre et guid\u00e9e<\/strong><\/li>\n\n\n\n<li><strong>Cette salle est d\u00f4t\u00e9e de machine MATRIX derni\u00e8re g\u00e9n\u00e9ration<\/strong><\/li>\n<\/ul>\n<\/div><\/div>\n<\/div><\/div><\/div>\n<\/div><\/div>\n<\/div><\/div><\/div>\n\n\n\n<div style=\"height:92px\" aria-hidden=\"true\" class=\"wp-block-spacer\"><\/div>\n\n\n\n<div class=\"wp-block-group alignwide has-white-background-color has-background is-layout-flow wp-block-group-is-layout-flow\">\n<h1 class=\"has-text-align-center animated fadeInLeft delay-200ms slower has-x-large-font-size wp-block-heading\">Informations<\/h1>\n\n\n\n<div class=\"wp-block-cover alignfull is-light\" style=\"min-height:691px;aspect-ratio:unset;\"><span aria-hidden=\"true\" class=\"wp-block-cover__background has-white-background-color has-background-dim-100 has-background-dim\"><\/span><div class=\"wp-block-cover__inner-container is-layout-flow wp-block-cover-is-layout-flow\">\n<div class=\"wp-block-columns is-layout-flex wp-container-core-columns-is-layout-d0b3c9c8 wp-block-columns-is-layout-flex\">\n<div class=\"wp-block-column is-layout-flow wp-block-column-is-layout-flow\">\n<figure class=\"wp-block-image aligncenter size-full is-resized animated fadeInUp delay-200ms slower\"><img data-recalc-dims=\"1\" loading=\"lazy\" decoding=\"async\" data-attachment-id=\"3301\" data-permalink=\"https:\/\/la-salle.fr\/index.php\/les-arcs-nouveau\/michel-robeyns39-2\/\" data-orig-file=\"https:\/\/i0.wp.com\/la-salle.fr\/wp-content\/uploads\/2022\/10\/Michel-Robeyns39-2.png?fit=709%2C850&amp;ssl=1\" data-orig-size=\"709,850\" data-comments-opened=\"1\" data-image-meta=\"{&quot;aperture&quot;:&quot;0&quot;,&quot;credit&quot;:&quot;&quot;,&quot;camera&quot;:&quot;&quot;,&quot;caption&quot;:&quot;&quot;,&quot;created_timestamp&quot;:&quot;0&quot;,&quot;copyright&quot;:&quot;&quot;,&quot;focal_length&quot;:&quot;0&quot;,&quot;iso&quot;:&quot;0&quot;,&quot;shutter_speed&quot;:&quot;0&quot;,&quot;title&quot;:&quot;&quot;,&quot;orientation&quot;:&quot;0&quot;}\" data-image-title=\"Michel-Robeyns39-2\" data-image-description=\"\" data-image-caption=\"\" data-large-file=\"https:\/\/i0.wp.com\/la-salle.fr\/wp-content\/uploads\/2022\/10\/Michel-Robeyns39-2.png?fit=709%2C850&amp;ssl=1\" src=\"https:\/\/i0.wp.com\/la-salle.fr\/wp-content\/uploads\/2022\/10\/Michel-Robeyns39-2.png?resize=355%2C425&#038;ssl=1\" alt=\"\" class=\"wp-image-3301\" width=\"355\" height=\"425\" srcset=\"https:\/\/i0.wp.com\/la-salle.fr\/wp-content\/uploads\/2022\/10\/Michel-Robeyns39-2.png?w=709&amp;ssl=1 709w, https:\/\/i0.wp.com\/la-salle.fr\/wp-content\/uploads\/2022\/10\/Michel-Robeyns39-2.png?resize=250%2C300&amp;ssl=1 250w\" sizes=\"auto, (max-width: 355px) 100vw, 355px\" \/><\/figure>\n<\/div>\n\n\n\n<div class=\"wp-block-column is-layout-flow wp-block-column-is-layout-flow\">\n<figure class=\"wp-block-image aligncenter size-full is-resized animated fadeInUp delay-200ms slower\"><img data-recalc-dims=\"1\" loading=\"lazy\" decoding=\"async\" data-attachment-id=\"3216\" data-permalink=\"https:\/\/la-salle.fr\/index.php\/les-arcs-nouveau\/michel-robeyns33\/\" data-orig-file=\"https:\/\/i0.wp.com\/la-salle.fr\/wp-content\/uploads\/2022\/09\/Michel-Robeyns33.png?fit=708%2C850&amp;ssl=1\" data-orig-size=\"708,850\" data-comments-opened=\"1\" data-image-meta=\"{&quot;aperture&quot;:&quot;0&quot;,&quot;credit&quot;:&quot;&quot;,&quot;camera&quot;:&quot;&quot;,&quot;caption&quot;:&quot;&quot;,&quot;created_timestamp&quot;:&quot;0&quot;,&quot;copyright&quot;:&quot;&quot;,&quot;focal_length&quot;:&quot;0&quot;,&quot;iso&quot;:&quot;0&quot;,&quot;shutter_speed&quot;:&quot;0&quot;,&quot;title&quot;:&quot;&quot;,&quot;orientation&quot;:&quot;0&quot;}\" data-image-title=\"Michel-Robeyns33\" data-image-description=\"\" data-image-caption=\"\" data-large-file=\"https:\/\/i0.wp.com\/la-salle.fr\/wp-content\/uploads\/2022\/09\/Michel-Robeyns33.png?fit=708%2C850&amp;ssl=1\" src=\"https:\/\/i0.wp.com\/la-salle.fr\/wp-content\/uploads\/2022\/09\/Michel-Robeyns33.png?resize=354%2C425&#038;ssl=1\" alt=\"\" class=\"wp-image-3216\" width=\"354\" height=\"425\" srcset=\"https:\/\/i0.wp.com\/la-salle.fr\/wp-content\/uploads\/2022\/09\/Michel-Robeyns33.png?w=708&amp;ssl=1 708w, https:\/\/i0.wp.com\/la-salle.fr\/wp-content\/uploads\/2022\/09\/Michel-Robeyns33.png?resize=250%2C300&amp;ssl=1 250w\" sizes=\"auto, (max-width: 354px) 100vw, 354px\" \/><\/figure>\n<\/div>\n\n\n\n<div class=\"wp-block-column is-layout-flow wp-block-column-is-layout-flow\">\n<figure class=\"wp-block-image aligncenter size-full is-resized animated fadeInUp delay-200ms slower\"><img data-recalc-dims=\"1\" loading=\"lazy\" decoding=\"async\" data-attachment-id=\"3217\" data-permalink=\"https:\/\/la-salle.fr\/index.php\/les-arcs-nouveau\/michel-robeyns34\/\" data-orig-file=\"https:\/\/i0.wp.com\/la-salle.fr\/wp-content\/uploads\/2022\/09\/Michel-Robeyns34.png?fit=708%2C850&amp;ssl=1\" data-orig-size=\"708,850\" data-comments-opened=\"1\" data-image-meta=\"{&quot;aperture&quot;:&quot;0&quot;,&quot;credit&quot;:&quot;&quot;,&quot;camera&quot;:&quot;&quot;,&quot;caption&quot;:&quot;&quot;,&quot;created_timestamp&quot;:&quot;0&quot;,&quot;copyright&quot;:&quot;&quot;,&quot;focal_length&quot;:&quot;0&quot;,&quot;iso&quot;:&quot;0&quot;,&quot;shutter_speed&quot;:&quot;0&quot;,&quot;title&quot;:&quot;&quot;,&quot;orientation&quot;:&quot;0&quot;}\" data-image-title=\"Michel-Robeyns34\" data-image-description=\"\" data-image-caption=\"\" data-large-file=\"https:\/\/i0.wp.com\/la-salle.fr\/wp-content\/uploads\/2022\/09\/Michel-Robeyns34.png?fit=708%2C850&amp;ssl=1\" src=\"https:\/\/i0.wp.com\/la-salle.fr\/wp-content\/uploads\/2022\/09\/Michel-Robeyns34.png?resize=354%2C425&#038;ssl=1\" alt=\"\" class=\"wp-image-3217\" width=\"354\" height=\"425\" srcset=\"https:\/\/i0.wp.com\/la-salle.fr\/wp-content\/uploads\/2022\/09\/Michel-Robeyns34.png?w=708&amp;ssl=1 708w, https:\/\/i0.wp.com\/la-salle.fr\/wp-content\/uploads\/2022\/09\/Michel-Robeyns34.png?resize=250%2C300&amp;ssl=1 250w\" sizes=\"auto, (max-width: 354px) 100vw, 354px\" \/><\/figure>\n<\/div>\n<\/div>\n<\/div><\/div>\n\n\n\n<div class=\"wp-block-cover alignfull is-light\"><span aria-hidden=\"true\" class=\"wp-block-cover__background has-white-background-color has-background-dim-100 has-background-dim has-background-gradient\" style=\"background:linear-gradient(360deg,rgb(53,134,150) 80%,rgb(255,255,255) 80%)\"><\/span><div class=\"wp-block-cover__inner-container is-layout-flow wp-block-cover-is-layout-flow\"><style>.kb-google-maps-container_149f7d-57{height:450px;margin-right:200px;margin-left:200px;}<\/style>\n<div class=\"kb-google-maps-container kb-google-maps-container_149f7d-57\" data-mapid=\"_149f7d-57\"><iframe width=\"100%\" height=\"100%\" style=\"border:0\" loading=\"lazy\" src=\"https:\/\/www.google.com\/maps\/embed\/v1\/place?key=AIzaSyBAM2o7PiQqwk15LC1XRH2e_KJ-jUa7KYk&amp;zoom=11&amp;maptype=satellite&amp;q=la%20salle%20les%20arcs\"><\/iframe><\/div>\n<script>function kb_google_map_149f7d57() { let center = { lat: 37.8201, lng: -122.4781}; let map = new google.maps.Map(document.getElementById(\"kb-google-map_149f7d57\"), {\n\t\t\t\t\t    zoom: 11,\n\t\t\t\t\t    center: center,mapTypeId: \"satellite\",});let marker = new google.maps.Marker({   position: { lat: 37.8201, lng: -122.4781},    map: map,  });}<\/script>\n\n\n<div style=\"height:80px\" aria-hidden=\"true\" class=\"wp-block-spacer\"><\/div>\n<\/div><\/div>\n<\/div>\n","protected":false},"excerpt":{"rendered":"<p>La Salle Les Arcs Informations<\/p>\n","protected":false},"author":3,"featured_media":0,"parent":0,"menu_order":0,"comment_status":"closed","ping_status":"closed","template":"page-templates\/template-pagebuilder-blank.php","meta":{"_uag_custom_page_level_css":"","site-sidebar-layout":"default","site-content-layout":"","ast-site-content-layout":"","site-content-style":"default","site-sidebar-style":"default","ast-global-header-display":"","ast-banner-title-visibility":"","ast-main-header-display":"","ast-hfb-above-header-display":"","ast-hfb-below-header-display":"","ast-hfb-mobile-header-display":"","site-post-title":"","ast-breadcrumbs-content":"","ast-featured-img":"","footer-sml-layout":"","theme-transparent-header-meta":"","adv-header-id-meta":"","stick-header-meta":"","header-above-stick-meta":"","header-main-stick-meta":"","header-below-stick-meta":"","astra-migrate-meta-layouts":"default","ast-page-background-enabled":"default","ast-page-background-meta":{"desktop":{"background-color":"var(--ast-global-color-4)","background-image":"","background-repeat":"repeat","background-position":"center center","background-size":"auto","background-attachment":"scroll","background-type":"","background-media":"","overlay-type":"","overlay-color":"","overlay-opacity":"","overlay-gradient":""},"tablet":{"background-color":"","background-image":"","background-repeat":"repeat","background-position":"center center","background-size":"auto","background-attachment":"scroll","background-type":"","background-media":"","overlay-type":"","overlay-color":"","overlay-opacity":"","overlay-gradient":""},"mobile":{"background-color":"","background-image":"","background-repeat":"repeat","background-position":"center center","background-size":"auto","background-attachment":"scroll","background-type":"","background-media":"","overlay-type":"","overlay-color":"","overlay-opacity":"","overlay-gradient":""}},"ast-content-background-meta":{"desktop":{"background-color":"var(--ast-global-color-5)","background-image":"","background-repeat":"repeat","background-position":"center center","background-size":"auto","background-attachment":"scroll","background-type":"","background-media":"","overlay-type":"","overlay-color":"","overlay-opacity":"","overlay-gradient":""},"tablet":{"background-color":"var(--ast-global-color-5)","background-image":"","background-repeat":"repeat","background-position":"center center","background-size":"auto","background-attachment":"scroll","background-type":"","background-media":"","overlay-type":"","overlay-color":"","overlay-opacity":"","overlay-gradient":""},"mobile":{"background-color":"var(--ast-global-color-5)","background-image":"","background-repeat":"repeat","background-position":"center center","background-size":"auto","background-attachment":"scroll","background-type":"","background-media":"","overlay-type":"","overlay-color":"","overlay-opacity":"","overlay-gradient":""}},"_themeisle_gutenberg_block_has_review":false,"_kadence_starter_templates_imported_post":false,"footnotes":""},"class_list":["post-3214","page","type-page","status-publish","hentry"],"yoast_head":"<!-- This site is optimized with the Yoast SEO plugin v27.4 - https:\/\/yoast.com\/product\/yoast-seo-wordpress\/ -->\n<title>Les Arcs Nouveau -<\/title>\n<meta name=\"robots\" content=\"index, follow, max-snippet:-1, max-image-preview:large, max-video-preview:-1\" \/>\n<link rel=\"canonical\" href=\"https:\/\/la-salle.fr\/index.php\/les-arcs-nouveau\/\" \/>\n<meta property=\"og:locale\" content=\"fr_FR\" \/>\n<meta property=\"og:type\" content=\"article\" \/>\n<meta property=\"og:title\" content=\"Les Arcs Nouveau -\" \/>\n<meta property=\"og:description\" content=\"La Salle Les Arcs Informations\" \/>\n<meta property=\"og:url\" content=\"https:\/\/la-salle.fr\/index.php\/les-arcs-nouveau\/\" \/>\n<meta property=\"article:modified_time\" content=\"2023-01-25T18:45:06+00:00\" \/>\n<meta property=\"og:image\" content=\"https:\/\/la-salle.fr\/wp-content\/uploads\/2022\/10\/Michel-Robeyns39-2.png\" \/>\n<meta name=\"twitter:card\" content=\"summary_large_image\" \/>\n<meta name=\"twitter:label1\" content=\"Dur\u00e9e de lecture estim\u00e9e\" \/>\n\t<meta name=\"twitter:data1\" content=\"1 minute\" \/>\n<script type=\"application\/ld+json\" class=\"yoast-schema-graph\">{\"@context\":\"https:\\\/\\\/schema.org\",\"@graph\":[{\"@type\":\"WebPage\",\"@id\":\"https:\\\/\\\/la-salle.fr\\\/index.php\\\/les-arcs-nouveau\\\/\",\"url\":\"https:\\\/\\\/la-salle.fr\\\/index.php\\\/les-arcs-nouveau\\\/\",\"name\":\"Les Arcs Nouveau -\",\"isPartOf\":{\"@id\":\"https:\\\/\\\/la-salle.fr\\\/#website\"},\"primaryImageOfPage\":{\"@id\":\"https:\\\/\\\/la-salle.fr\\\/index.php\\\/les-arcs-nouveau\\\/#primaryimage\"},\"image\":{\"@id\":\"https:\\\/\\\/la-salle.fr\\\/index.php\\\/les-arcs-nouveau\\\/#primaryimage\"},\"thumbnailUrl\":\"https:\\\/\\\/la-salle.fr\\\/wp-content\\\/uploads\\\/2022\\\/10\\\/Michel-Robeyns39-2.png\",\"datePublished\":\"2022-09-21T17:13:12+00:00\",\"dateModified\":\"2023-01-25T18:45:06+00:00\",\"breadcrumb\":{\"@id\":\"https:\\\/\\\/la-salle.fr\\\/index.php\\\/les-arcs-nouveau\\\/#breadcrumb\"},\"inLanguage\":\"fr-FR\",\"potentialAction\":[{\"@type\":\"ReadAction\",\"target\":[\"https:\\\/\\\/la-salle.fr\\\/index.php\\\/les-arcs-nouveau\\\/\"]}]},{\"@type\":\"ImageObject\",\"inLanguage\":\"fr-FR\",\"@id\":\"https:\\\/\\\/la-salle.fr\\\/index.php\\\/les-arcs-nouveau\\\/#primaryimage\",\"url\":\"https:\\\/\\\/i0.wp.com\\\/la-salle.fr\\\/wp-content\\\/uploads\\\/2022\\\/10\\\/Michel-Robeyns39-2.png?fit=709%2C850&ssl=1\",\"contentUrl\":\"https:\\\/\\\/i0.wp.com\\\/la-salle.fr\\\/wp-content\\\/uploads\\\/2022\\\/10\\\/Michel-Robeyns39-2.png?fit=709%2C850&ssl=1\",\"width\":709,\"height\":850},{\"@type\":\"BreadcrumbList\",\"@id\":\"https:\\\/\\\/la-salle.fr\\\/index.php\\\/les-arcs-nouveau\\\/#breadcrumb\",\"itemListElement\":[{\"@type\":\"ListItem\",\"position\":1,\"name\":\"Accueil\",\"item\":\"https:\\\/\\\/la-salle.fr\\\/\"},{\"@type\":\"ListItem\",\"position\":2,\"name\":\"Les Arcs Nouveau\"}]},{\"@type\":\"WebSite\",\"@id\":\"https:\\\/\\\/la-salle.fr\\\/#website\",\"url\":\"https:\\\/\\\/la-salle.fr\\\/\",\"name\":\"\",\"description\":\"\",\"potentialAction\":[{\"@type\":\"SearchAction\",\"target\":{\"@type\":\"EntryPoint\",\"urlTemplate\":\"https:\\\/\\\/la-salle.fr\\\/?s={search_term_string}\"},\"query-input\":{\"@type\":\"PropertyValueSpecification\",\"valueRequired\":true,\"valueName\":\"search_term_string\"}}],\"inLanguage\":\"fr-FR\"}]}<\/script>\n<!-- \/ Yoast SEO plugin. -->","yoast_head_json":{"title":"Les Arcs Nouveau -","robots":{"index":"index","follow":"follow","max-snippet":"max-snippet:-1","max-image-preview":"max-image-preview:large","max-video-preview":"max-video-preview:-1"},"canonical":"https:\/\/la-salle.fr\/index.php\/les-arcs-nouveau\/","og_locale":"fr_FR","og_type":"article","og_title":"Les Arcs Nouveau -","og_description":"La Salle Les Arcs Informations","og_url":"https:\/\/la-salle.fr\/index.php\/les-arcs-nouveau\/","article_modified_time":"2023-01-25T18:45:06+00:00","og_image":[{"url":"https:\/\/la-salle.fr\/wp-content\/uploads\/2022\/10\/Michel-Robeyns39-2.png","type":"","width":"","height":""}],"twitter_card":"summary_large_image","twitter_misc":{"Dur\u00e9e de lecture estim\u00e9e":"1 minute"},"schema":{"@context":"https:\/\/schema.org","@graph":[{"@type":"WebPage","@id":"https:\/\/la-salle.fr\/index.php\/les-arcs-nouveau\/","url":"https:\/\/la-salle.fr\/index.php\/les-arcs-nouveau\/","name":"Les Arcs Nouveau -","isPartOf":{"@id":"https:\/\/la-salle.fr\/#website"},"primaryImageOfPage":{"@id":"https:\/\/la-salle.fr\/index.php\/les-arcs-nouveau\/#primaryimage"},"image":{"@id":"https:\/\/la-salle.fr\/index.php\/les-arcs-nouveau\/#primaryimage"},"thumbnailUrl":"https:\/\/la-salle.fr\/wp-content\/uploads\/2022\/10\/Michel-Robeyns39-2.png","datePublished":"2022-09-21T17:13:12+00:00","dateModified":"2023-01-25T18:45:06+00:00","breadcrumb":{"@id":"https:\/\/la-salle.fr\/index.php\/les-arcs-nouveau\/#breadcrumb"},"inLanguage":"fr-FR","potentialAction":[{"@type":"ReadAction","target":["https:\/\/la-salle.fr\/index.php\/les-arcs-nouveau\/"]}]},{"@type":"ImageObject","inLanguage":"fr-FR","@id":"https:\/\/la-salle.fr\/index.php\/les-arcs-nouveau\/#primaryimage","url":"https:\/\/i0.wp.com\/la-salle.fr\/wp-content\/uploads\/2022\/10\/Michel-Robeyns39-2.png?fit=709%2C850&ssl=1","contentUrl":"https:\/\/i0.wp.com\/la-salle.fr\/wp-content\/uploads\/2022\/10\/Michel-Robeyns39-2.png?fit=709%2C850&ssl=1","width":709,"height":850},{"@type":"BreadcrumbList","@id":"https:\/\/la-salle.fr\/index.php\/les-arcs-nouveau\/#breadcrumb","itemListElement":[{"@type":"ListItem","position":1,"name":"Accueil","item":"https:\/\/la-salle.fr\/"},{"@type":"ListItem","position":2,"name":"Les Arcs Nouveau"}]},{"@type":"WebSite","@id":"https:\/\/la-salle.fr\/#website","url":"https:\/\/la-salle.fr\/","name":"","description":"","potentialAction":[{"@type":"SearchAction","target":{"@type":"EntryPoint","urlTemplate":"https:\/\/la-salle.fr\/?s={search_term_string}"},"query-input":{"@type":"PropertyValueSpecification","valueRequired":true,"valueName":"search_term_string"}}],"inLanguage":"fr-FR"}]}},"uagb_featured_image_src":{"full":false,"thumbnail":false,"medium":false,"medium_large":false,"large":false,"1536x1536":false,"2048x2048":false},"uagb_author_info":{"display_name":"lasalle","author_link":"https:\/\/la-salle.fr\/index.php\/author\/lasalle\/"},"uagb_comment_info":0,"uagb_excerpt":"La Salle Les Arcs Informations","jetpack_sharing_enabled":true,"_links":{"self":[{"href":"https:\/\/la-salle.fr\/index.php\/wp-json\/wp\/v2\/pages\/3214","targetHints":{"allow":["GET"]}}],"collection":[{"href":"https:\/\/la-salle.fr\/index.php\/wp-json\/wp\/v2\/pages"}],"about":[{"href":"https:\/\/la-salle.fr\/index.php\/wp-json\/wp\/v2\/types\/page"}],"author":[{"embeddable":true,"href":"https:\/\/la-salle.fr\/index.php\/wp-json\/wp\/v2\/users\/3"}],"replies":[{"embeddable":true,"href":"https:\/\/la-salle.fr\/index.php\/wp-json\/wp\/v2\/comments?post=3214"}],"version-history":[{"count":8,"href":"https:\/\/la-salle.fr\/index.php\/wp-json\/wp\/v2\/pages\/3214\/revisions"}],"predecessor-version":[{"id":3448,"href":"https:\/\/la-salle.fr\/index.php\/wp-json\/wp\/v2\/pages\/3214\/revisions\/3448"}],"wp:attachment":[{"href":"https:\/\/la-salle.fr\/index.php\/wp-json\/wp\/v2\/media?parent=3214"}],"curies":[{"name":"wp","href":"https:\/\/api.w.org\/{rel}","templated":true}]}}